 when 1478 is divided by 68?
50
What is the remainder when 1571 is divided by 1546?
25
Calculate the remainder when 2712525 is divided by 598.
595
What is the remainder when 197998 is divided by 197986?
12
What is the remainder when 10504 is divided by 10483?
21
Calculate the remainder when 304449 is divided by 2360.
9
Calculate the remainder when 2429 is divided by 765.
134
What is the remainder when 155552 is divided by 1767?
56
What is the remainder when 5266 is divided by 599?
474
Calculate the remainder when 15394 is divided by 4728.
1210
Calculate the remainder when 142949 is divided by 107.
104
Calculate the remainder when 41113 is divided by 21.
16
Calculate the remainder when 1438 is divided by 1394.
44
What is the remainder when 190740 is divided by 190730?
10
What is the remainder when 62195 is divided by 6905?
50
Calculate the remainder when 7863 is divided by 2616.
15
What is the remainder when 7714 is divided by 140?
14
What is the remainder when 4417 is divided by 71?
15
What is the remainder when 4666 is divided by 1534?
64
What is the remainder when 4947 is divided by 115?
2
Calculate the remainder when 2862271 is divided by 448.
447
Calculate the remainder when 121475 is divided by 212.
211
What is the remainder when 670920 is divided by 223627?
39
Calculate the remainder when 724 is divided by 129.
79
What is the remainder when 6523 is divided by 1592?
155
Calculate the remainder when 99 is divided by 25.
24
What is the remainder when 703 is divided by 377?
326
What is the remainder when 19435 is divided by 6476?
7
Calculate the remainder when 15457 is divided by 702.
13
What is the remainder when 18777 is divided by 82?
81
Calculate the remainder when 377406 is divided by 60.
6
Calculate the remainder when 12677 is divided by 12671.
6
What is the remainder when 3382 is divided by 375?
7
Calculate the remainder when 16872 is divided by 3373.
7
What is the remainder when 741 is divided by 255?
231
Calculate the remainder when 6862 is divided by 27.
4
What is the remainder when 2702 is divided by 326?
94
What is the remainder when 546 is divided by 160?
66
What is the remainder when 805 is divided by 275?
255
What is the remainder when 2067 is divided by 49?
9
What is the remainder when 770699 is divided by 108?
11
Calculate the remainder when 79797 is divided by 665.
662
Calculate the remainder when 338 is divided by 37.
5
What is the remainder when 31399 is divided by 50?
49
Calculate the remainder when 143581 is divided by 19.
17
What is the remainder when 17367 is divided by 2241?
1680
What is the remainder when 639195 is divided by 159796?
11
What is the remainder when 13713 is divided by 4568?
9
What is the remainder when 34433 is divided by 24?
17
What is the remainder when 84564 is divided by 1799?
11
What is the remainder when 4274058 is divided by 11?
8
What is the remainder when 3549 is divided by 345?
99
What is the remainder when 6843 is divided by 76?
3
What is the remainder when 12998 is divided by 2589?
53
What is the remainder when 750 is divided by 152?
142
What is the remainder when 186696 is divided by 149?
148
What is the remainder when 16262 is divided by 9?
8
Calculate the remainder when 40101 is divided by 502.
443
What is the remainder when 82294 is divided by 17?
14
Calculate the remainder when 8370 is divided by 269.
31
Calculate the remainder when 1661 is divided by 1616.
45
Calculate the remainder when 1285 is divided by 51.
10
What is the remainder when 627652 is divided by 26?
12
Calculate the remainder when 510020 is divided by 271.
269
Calculate the remainder when 4922 is divided by 591.
194
What is the remainder when 29985 is divided by 52?
33
Calculate the remainder when 45384 is divided by 26.
14
What is the remainder when 398159 is divided by 395?
394
What is the remainder when 113476 is divided by 203?
202
Calculate the remainder when 57168 is divided by 364.
20
Calculate the remainder when 360 is divided by 176.
8
Calculate the remainder when 5132 is divided by 73.
22
Calculate the remainder when 249556 is divided by 539.
538
Calculate the remainder when 147264 is divided by 134.
132
Calculate the remainder when 10045 is divided by 127.
12
What is the remainder when 90238 is divided by 30074?
16
What is the remainder when 707509 is divided by 139?
138
What is the remainder when 37829 is divided by 310?
9
What is the remainder when 824171 is divided by 999?
995
Calculate the remainder when 85576 is divided by 34.
32
Calculate the remainder when 4065 is divided by 1802.
461
What is the remainder when 157780 is divided by 54?
46
What is the remainder when 3222 is divided by 3?
0
Calculate the remainder when 5932 is divided by 1974.
10
What is the remainder when 6962 is divided by 2312?
26
Calculate the remainder when 8725 is divided by 301.
297
What is the remainder when 116263 is divided by 25?
13
What is the remainder when 6640 is divided by 5?
0
What is the remainder when 7764 is divided by 275?
64
What is the remainder when 10603 is divided by 14?
5
What is the remainder when 19326 is divided by 880?
846
Calculate the remainder when 1221529 is divided by 407158.
55
Calculate the remainder when 50429 is divided by 51.
41
What is the remainder when 13898 is divided by 4598?
104
What is the remainder when 28479 is divided by 1139?
4
Calculate the remainder when 1634 is divided by 433.
335
What is the remainder when 9298 is divided by 290?
18
Calculate the remainder when 4841 is divided by 1184.
105
Calculate the remainder when 8779 is divided by 627.
1
What is the remainder when 131783 is divided by 27?
23
What is the remainder when 4654 is divided by 576?
46
Calculate the remainder when 38464 is divided by 609.
97
Calculate the remainder when 71165 is divided by 23701.
62
Calculate the remainder when 106917 is divided by 13.
5
Calculate the remainder when 128917 is divided by 17.
6
What is the remainder when 121031 is divided by 12094?
91
What is the remainder when 520 is divided by 135?
115
What is the remainder when 1934 is divided by 27?
17
What is the remainder when 33673 is divided by 33663?
10
Calculate the remainder when 912 is divided by 299.
15
Calculate the remainder when 3044 is divided by 109.
101
Calculate the remainder when 323406 is divided by 41.
39
Calculate the remainder when 5473 is divided by 1366.
9
Calculate the remainder when 247205 is divided by 49438.
15
Calculate the remainder when 83652 is divided by 188.
180
Calculate the remainder when 960 is divided by 173.
95
Calculate the remainder when 913 is divided by 162.
103
Calculate the remainder when 9326 is divided by 42.
2
Calculate the remainder when 17819 is divided by 332.
223
What is the remainder when 36640 is divided by 215?
90
Calculate the remainder when 4265 is divided by 4254.
11
What is the remainder when 40932 is divided by 114?
6
Calculate the remainder when 1592006 is divided by 632.
630
Calculate the remainder when 42218 is divided by 454.
450
What is the remainder when 12785 is divided by 260?
45
Calculate the remainder when 1270 is divided by 210.
10
Calculate the remainder when 18637 is divided by 221.
73
Calculate the remainder when 23832 is divided by 23795.
37
What is the remainder when 15750 is divided by 451?
416
Calculate the remainder when 121855 is divided by 28.
27
Calculate the remainder when 76401 is divided by 371.
346
What is the remainder when 848 is divided by 637?
211
What is the remainder when 3377 is divided by 3318?
59
Calculate the remainder when 13960 is divided by 634.
12
Calculate the remainder when 46059 is divided by 15346.
21
Calculate the remainder when 3875 is divided by 95.
75
What is the remainder when 30676 is divided by 5052?
364
Calculate the remainder when 111842 is divided by 6.
2
What is the remainder when 1890744 is divided by 64?
56
Calculate the remainder when 2978176 is divided by 483.
481
What is the remainder when 1722 is divided by 1688?
34
Calculate the remainder when 18418 is divided by 2293.
74
What is the remainder when 11999 is divided by 3688?
935
What is the remainder when 10169 is divided by 113?
112
What is the remainder when 209755 is divided by 570?
565
What is the remainder when 4929 is divided by 821?
3
Calculate the remainder when 13258